{"id":26543,"date":"2022-06-24T07:53:09","date_gmt":"2022-06-24T14:53:09","guid":{"rendered":"https:\/\/elizabethmaymp.ca\/?post_type=tribe_events&#038;p=26543"},"modified":"2022-06-24T07:53:09","modified_gmt":"2022-06-24T14:53:09","slug":"green-new-deal-three-years-on","status":"publish","type":"tribe_events","link":"https:\/\/elizabethmaymp.ca\/fr\/event\/green-new-deal-three-years-on\/","title":{"rendered":"C\u00e9l\u00e9brer les 3 ans de l\u00e9gislations de part le monde pour un Nouveau Pacte Vert !\u00a0"},"content":{"rendered":"<p><strong>Rejoignez-nous pour c\u00e9l\u00e9brer les 3 ans de l\u00e9gislations de part le monde pour un Nouveau Pacte Vert !\u00a0<\/strong><\/p>\n<p><strong>Mercredi 29 juin, 9 h HNP \/ 12 h HNE \/ 17 h BST\u00a0<\/strong><\/p>\n<p>?\u00a0<strong><a href=\"https:\/\/350org.zoom.us\/webinar\/register\/WN_BVWCWYKUTIKAaQKmc0bdYQ\">Inscrivez-vous pour se joindre \u00e0 l\u2019appel<\/a><\/strong><\/p>\n<p>En 2019, des mesures l\u00e9gislatives pour un Nouveau pacte vert ont d\u00e9coll\u00e9 de par le monde entier, en solidarit\u00e9 avec les mouvements montant de la soci\u00e9t\u00e9 civile pour des Nouveaux Pactes Verts du Bangladesh jusqu\u2019en Australie, jusqu\u2019\u00e0 El Pacto Verde Europeo de la Cor\u00e9e du Sud au Br\u00e9sil et plus encore.<\/p>\n<p>Cela fait trois ans que le projet de loi pour un Nouveau pacte vert a \u00e9t\u00e9 pr\u00e9sent\u00e9 au Congr\u00e8s des Etats-Unis par la d\u00e9put\u00e9e Alexandra Ocasio-Cortez et le S\u00e9nateur Ed Markey ; au sein du Parlement du Royaume-Uni la d\u00e9put\u00e9e Caroline Lucas, du Parti Vert et le d\u00e9put\u00e9 Clive Lewis du Parti travailliste ont pr\u00e9sent\u00e9 leur projet de loi pour adopter un Nouveau pacte vert ; \u00e0 la Chambre des Communes du Canada, le d\u00e9put\u00e9 Peter Julian du Nouveau Parti D\u00e9mocratique a pr\u00e9sent\u00e9 sa Motion M-1 pour un Nouveau pacte vert ; le d\u00e9put\u00e9 Adam Bandt, leader du Parti Vert en Australie a pr\u00e9sent\u00e9 sa motion pour un Nouveau pacte vert et la d\u00e9put\u00e9 fran\u00e7aise Danielle Obono de la Nouvelle Union Populaire \u00c9cologique et Sociale a pr\u00e9sent\u00e9 son projet de loi sur le Nouveau pacte vert en France.<\/p>\n<p><strong>Le 29 juin, des d\u00e9put\u00e9.es de par le monde seront rejoints par des repr\u00e9sentants de la soci\u00e9t\u00e9 civile qui ont mis le Nouveau pacte vert au c\u0153ur de leur agenda politique, pour c\u00e9l\u00e9brer, faire le point, et se demander : quelle est la suite pour le Nouveau pacte vert ?<\/strong><\/p>\n<p>Rejoignez <strong>la d\u00e9put\u00e9 du Royaume-Uni Caroline Lucas, la d\u00e9put\u00e9 br\u00e9silienne Joenia Wapishana, le d\u00e9put\u00e9 canadien Peter Julian, Deirdre Shelley, directrice des campagnes du mouvement Sunrise, Farzana Faruk Jhumu de 350 Bangladesh et Fatima Ibrahim de Green New Deal Rising <\/strong>pour une conversation en direct anim\u00e9 par <strong>Asad Rehman, Directeur de War on Want <\/strong>pour c\u00e9l\u00e9brer l\u2019avancement de notre mouvement international et pour explorer o\u00f9 les trois prochaines ann\u00e9es pourraient nous emmener.<\/p>\n<p>Nous attendons avec impatience de c\u00e9l\u00e9brer tout ce que nous avons fait, et tout ce qui est \u00e0 venir !<\/p>","protected":false},"excerpt":{"rendered":"<p>Rejoignez-nous pour c\u00e9l\u00e9brer les 3 ans de l\u00e9gislations de part le monde pour un Nouveau Pacte Vert !\u00a0 Mercredi 29 juin, 9 h HNP \/ 12 h HNE&hellip;<\/p>\n","protected":false},"author":1381,"featured_media":0,"template":"","meta":{"_acf_changed":false,"_price":"","_stock":"","_tribe_ticket_header":"","_tribe_default_ticket_provider":"","_tribe_ticket_capacity":"","_ticket_start_date":"","_ticket_end_date":"","_tribe_ticket_show_description":"","_tribe_ticket_show_not_going":false,"_tribe_ticket_use_global_stock":"","_tribe_ticket_global_stock_level":"","_global_stock_mode":"","_global_stock_cap":"","_tribe_rsvp_for_event":"","_tribe_ticket_going_count":"","_tribe_ticket_not_going_count":"","_tribe_tickets_list":"[]","_tribe_ticket_has_attendee_info_fields":false,"_tribe_events_status":"","_tribe_events_status_reason":"","footnotes":"","_tec_slr_enabled":"","_tec_slr_layout":""},"tags":[],"tribe_events_cat":[],"class_list":["post-26543","tribe_events","type-tribe_events","status-publish","hentry"],"acf":[],"yoast_head":"<!-- This site is optimized with the Yoast SEO plugin v27.4 - https:\/\/yoast.com\/product\/yoast-seo-wordpress\/ -->\n<title>C\u00e9l\u00e9brer les 3 ans de l\u00e9gislations de part le monde pour un Nouveau Pacte Vert !\u00a0 | Elizabeth May<\/title>\n<meta name=\"robots\" content=\"index, follow, max-snippet:-1, max-image-preview:large, max-video-preview:-1\" \/>\n<link rel=\"canonical\" href=\"https:\/\/elizabethmaymp.ca\/fr\/event\/green-new-deal-three-years-on\/\" \/>\n<meta property=\"og:locale\" content=\"en_US\" \/>\n<meta property=\"og:type\" content=\"article\" \/>\n<meta property=\"og:title\" content=\"C\u00e9l\u00e9brer les 3 ans de l\u00e9gislations de part le monde pour un Nouveau Pacte Vert !\u00a0 | Elizabeth May\" \/>\n<meta property=\"og:description\" content=\"Rejoignez-nous pour c\u00e9l\u00e9brer les 3 ans de l\u00e9gislations de part le monde pour un Nouveau Pacte Vert !\u00a0 Mercredi 29 juin, 9 h HNP \/ 12 h HNE&hellip;\" \/>\n<meta property=\"og:url\" content=\"https:\/\/elizabethmaymp.ca\/fr\/event\/green-new-deal-three-years-on\/\" \/>\n<meta property=\"og:site_name\" content=\"Elizabeth May\" \/>\n<meta property=\"article:publisher\" content=\"https:\/\/www.facebook.com\/ElizabethMayMP\" \/>\n<meta property=\"og:image\" content=\"https:\/\/elizabethmaymp.ca\/wp-content\/uploads\/Green-new-deal.png\" \/>\n\t<meta property=\"og:image:width\" content=\"512\" \/>\n\t<meta property=\"og:image:height\" content=\"220\" \/>\n\t<meta property=\"og:image:type\" content=\"image\/png\" \/>\n<meta name=\"twitter:card\" content=\"summary_large_image\" \/>\n<meta name=\"twitter:site\" content=\"@elizabethmay\" \/>\n<meta name=\"twitter:label1\" content=\"Est. reading time\" \/>\n\t<meta name=\"twitter:data1\" content=\"3 minutes\" \/>\n<script type=\"application\/ld+json\" class=\"yoast-schema-graph\">{\"@context\":\"https:\\\/\\\/schema.org\",\"@graph\":[{\"@type\":\"WebPage\",\"@id\":\"https:\\\/\\\/elizabethmaymp.ca\\\/fr\\\/event\\\/green-new-deal-three-years-on\\\/\",\"url\":\"https:\\\/\\\/elizabethmaymp.ca\\\/fr\\\/event\\\/green-new-deal-three-years-on\\\/\",\"name\":\"C\u00e9l\u00e9brer les 3 ans de l\u00e9gislations de part le monde pour un Nouveau Pacte Vert !\u00a0 | Elizabeth May\",\"isPartOf\":{\"@id\":\"https:\\\/\\\/elizabethmaymp.ca\\\/fr\\\/#website\"},\"datePublished\":\"2022-06-24T14:53:09+00:00\",\"breadcrumb\":{\"@id\":\"https:\\\/\\\/elizabethmaymp.ca\\\/fr\\\/event\\\/green-new-deal-three-years-on\\\/#breadcrumb\"},\"inLanguage\":\"en-US\",\"potentialAction\":[{\"@type\":\"ReadAction\",\"target\":[[\"https:\\\/\\\/elizabethmaymp.ca\\\/fr\\\/event\\\/green-new-deal-three-years-on\\\/\"]]}]},{\"@type\":\"BreadcrumbList\",\"@id\":\"https:\\\/\\\/elizabethmaymp.ca\\\/fr\\\/event\\\/green-new-deal-three-years-on\\\/#breadcrumb\",\"itemListElement\":[{\"@type\":\"ListItem\",\"position\":1,\"name\":\"Home\",\"item\":\"https:\\\/\\\/elizabethmaymp.ca\\\/fr\\\/\"},{\"@type\":\"ListItem\",\"position\":2,\"name\":\"Events\",\"item\":\"https:\\\/\\\/elizabethmaymp.ca\\\/fr\\\/events\\\/\"},{\"@type\":\"ListItem\",\"position\":3,\"name\":\"Green New Deal three years on!\"}]},{\"@type\":\"WebSite\",\"@id\":\"https:\\\/\\\/elizabethmaymp.ca\\\/fr\\\/#website\",\"url\":\"https:\\\/\\\/elizabethmaymp.ca\\\/fr\\\/\",\"name\":\"Elizabeth May\",\"description\":\"MP for Saanich and Gulf Islands\",\"publisher\":{\"@id\":\"https:\\\/\\\/elizabethmaymp.ca\\\/fr\\\/#organization\"},\"potentialAction\":[{\"@type\":\"SearchAction\",\"target\":{\"@type\":\"EntryPoint\",\"urlTemplate\":\"https:\\\/\\\/elizabethmaymp.ca\\\/fr\\\/?s={search_term_string}\"},\"query-input\":{\"@type\":\"PropertyValueSpecification\",\"valueRequired\":true,\"valueName\":\"search_term_string\"}}],\"inLanguage\":\"en-US\"},{\"@type\":\"Organization\",\"@id\":\"https:\\\/\\\/elizabethmaymp.ca\\\/fr\\\/#organization\",\"name\":\"Elizabeth May MP\",\"url\":\"https:\\\/\\\/elizabethmaymp.ca\\\/fr\\\/\",\"logo\":{\"@type\":\"ImageObject\",\"inLanguage\":\"en-US\",\"@id\":\"https:\\\/\\\/elizabethmaymp.ca\\\/fr\\\/#\\\/schema\\\/logo\\\/image\\\/\",\"url\":\"https:\\\/\\\/elizabethmaymp.ca\\\/wp-content\\\/uploads\\\/elizabethmay-button.png\",\"contentUrl\":\"https:\\\/\\\/elizabethmaymp.ca\\\/wp-content\\\/uploads\\\/elizabethmay-button.png\",\"width\":1501,\"height\":1501,\"caption\":\"Elizabeth May MP\"},\"image\":{\"@id\":\"https:\\\/\\\/elizabethmaymp.ca\\\/fr\\\/#\\\/schema\\\/logo\\\/image\\\/\"},\"sameAs\":[\"https:\\\/\\\/www.facebook.com\\\/ElizabethMayMP\",\"https:\\\/\\\/x.com\\\/elizabethmay\"]}]}<\/script>\n<!-- \/ Yoast SEO plugin. -->","yoast_head_json":{"title":"C\u00e9l\u00e9brer les 3 ans de l\u00e9gislations de part le monde pour un Nouveau Pacte Vert !\u00a0 | Elizabeth May","robots":{"index":"index","follow":"follow","max-snippet":"max-snippet:-1","max-image-preview":"max-image-preview:large","max-video-preview":"max-video-preview:-1"},"canonical":"https:\/\/elizabethmaymp.ca\/fr\/event\/green-new-deal-three-years-on\/","og_locale":"en_US","og_type":"article","og_title":"C\u00e9l\u00e9brer les 3 ans de l\u00e9gislations de part le monde pour un Nouveau Pacte Vert !\u00a0 | Elizabeth May","og_description":"Rejoignez-nous pour c\u00e9l\u00e9brer les 3 ans de l\u00e9gislations de part le monde pour un Nouveau Pacte Vert !\u00a0 Mercredi 29 juin, 9 h HNP \/ 12 h HNE&hellip;","og_url":"https:\/\/elizabethmaymp.ca\/fr\/event\/green-new-deal-three-years-on\/","og_site_name":"Elizabeth May","article_publisher":"https:\/\/www.facebook.com\/ElizabethMayMP","og_image":[{"width":512,"height":220,"url":"https:\/\/elizabethmaymp.ca\/wp-content\/uploads\/Green-new-deal.png","type":"image\/png"}],"twitter_card":"summary_large_image","twitter_site":"@elizabethmay","twitter_misc":{"Est. reading time":"3 minutes"},"schema":{"@context":"https:\/\/schema.org","@graph":[{"@type":"WebPage","@id":"https:\/\/elizabethmaymp.ca\/fr\/event\/green-new-deal-three-years-on\/","url":"https:\/\/elizabethmaymp.ca\/fr\/event\/green-new-deal-three-years-on\/","name":"C\u00e9l\u00e9brer les 3 ans de l\u00e9gislations de part le monde pour un Nouveau Pacte Vert !\u00a0 | Elizabeth May","isPartOf":{"@id":"https:\/\/elizabethmaymp.ca\/fr\/#website"},"datePublished":"2022-06-24T14:53:09+00:00","breadcrumb":{"@id":"https:\/\/elizabethmaymp.ca\/fr\/event\/green-new-deal-three-years-on\/#breadcrumb"},"inLanguage":"en-US","potentialAction":[{"@type":"ReadAction","target":[["https:\/\/elizabethmaymp.ca\/fr\/event\/green-new-deal-three-years-on\/"]]}]},{"@type":"BreadcrumbList","@id":"https:\/\/elizabethmaymp.ca\/fr\/event\/green-new-deal-three-years-on\/#breadcrumb","itemListElement":[{"@type":"ListItem","position":1,"name":"Home","item":"https:\/\/elizabethmaymp.ca\/fr\/"},{"@type":"ListItem","position":2,"name":"Events","item":"https:\/\/elizabethmaymp.ca\/fr\/events\/"},{"@type":"ListItem","position":3,"name":"Green New Deal three years on!"}]},{"@type":"WebSite","@id":"https:\/\/elizabethmaymp.ca\/fr\/#website","url":"https:\/\/elizabethmaymp.ca\/fr\/","name":"Elizabeth May","description":"MP for Saanich and Gulf Islands","publisher":{"@id":"https:\/\/elizabethmaymp.ca\/fr\/#organization"},"potentialAction":[{"@type":"SearchAction","target":{"@type":"EntryPoint","urlTemplate":"https:\/\/elizabethmaymp.ca\/fr\/?s={search_term_string}"},"query-input":{"@type":"PropertyValueSpecification","valueRequired":true,"valueName":"search_term_string"}}],"inLanguage":"en-US"},{"@type":"Organization","@id":"https:\/\/elizabethmaymp.ca\/fr\/#organization","name":"Elizabeth May MP","url":"https:\/\/elizabethmaymp.ca\/fr\/","logo":{"@type":"ImageObject","inLanguage":"en-US","@id":"https:\/\/elizabethmaymp.ca\/fr\/#\/schema\/logo\/image\/","url":"https:\/\/elizabethmaymp.ca\/wp-content\/uploads\/elizabethmay-button.png","contentUrl":"https:\/\/elizabethmaymp.ca\/wp-content\/uploads\/elizabethmay-button.png","width":1501,"height":1501,"caption":"Elizabeth May MP"},"image":{"@id":"https:\/\/elizabethmaymp.ca\/fr\/#\/schema\/logo\/image\/"},"sameAs":["https:\/\/www.facebook.com\/ElizabethMayMP","https:\/\/x.com\/elizabethmay"]}]}},"ticketed":false,"_links":{"self":[{"href":"https:\/\/elizabethmaymp.ca\/fr\/wp-json\/wp\/v2\/tribe_events\/26543","targetHints":{"allow":["GET"]}}],"collection":[{"href":"https:\/\/elizabethmaymp.ca\/fr\/wp-json\/wp\/v2\/tribe_events"}],"about":[{"href":"https:\/\/elizabethmaymp.ca\/fr\/wp-json\/wp\/v2\/types\/tribe_events"}],"author":[{"embeddable":true,"href":"https:\/\/elizabethmaymp.ca\/fr\/wp-json\/wp\/v2\/users\/1381"}],"version-history":[{"count":1,"href":"https:\/\/elizabethmaymp.ca\/fr\/wp-json\/wp\/v2\/tribe_events\/26543\/revisions"}],"predecessor-version":[{"id":26545,"href":"https:\/\/elizabethmaymp.ca\/fr\/wp-json\/wp\/v2\/tribe_events\/26543\/revisions\/26545"}],"wp:attachment":[{"href":"https:\/\/elizabethmaymp.ca\/fr\/wp-json\/wp\/v2\/media?parent=26543"}],"wp:term":[{"taxonomy":"post_tag","embeddable":true,"href":"https:\/\/elizabethmaymp.ca\/fr\/wp-json\/wp\/v2\/tags?post=26543"},{"taxonomy":"tribe_events_cat","embeddable":true,"href":"https:\/\/elizabethmaymp.ca\/fr\/wp-json\/wp\/v2\/tribe_events_cat?post=26543"}],"curies":[{"name":"wp","href":"https:\/\/api.w.org\/{rel}","templated":true}]}}

Célébrer les 3 ans de législations de part le monde pour un Nouveau Pacte Vert !

<p><strong>Rejoignez-nous pour célébrer les 3 ans de législations de part le monde pour un Nouveau Pacte Vert ! </strong></p>
<p><strong>Mercredi 29 juin, 9 h HNP / 12 h HNE / 17 h BST </strong></p>
<p>? <strong><a href="https://350org.zoom.us/webinar/register/WN_BVWCWYKUTIKAaQKmc0bdYQ">Inscrivez-vous pour se joindre à l’appel</a></strong></p>
<p>En 2019, des mesures législatives pour un Nouveau pacte vert ont décollé de par le monde entier, en solidarité avec les mouvements montant de la société civile pour des Nouveaux Pactes Verts du Bangladesh jusqu’en Australie, jusqu’à El Pacto Verde Europeo de la Corée du Sud au Brésil et plus encore.</p>
<p>Cela fait trois ans que le projet de loi pour un Nouveau pacte vert a été présenté au Congrès des Etats-Unis par la députée Alexandra Ocasio-Cortez et le Sénateur Ed Markey ; au sein du Parlement du Royaume-Uni la députée Caroline Lucas, du Parti Vert et le député Clive Lewis du Parti travailliste ont présenté leur projet de loi pour adopter un Nouveau pacte vert ; à la Chambre des Communes du Canada, le député Peter Julian du Nouveau Parti Démocratique a présenté sa Motion M-1 pour un Nouveau pacte vert ; le député Adam Bandt, leader du Parti Vert en Australie a présenté sa motion pour un Nouveau pacte vert et la député française Danielle Obono de la Nouvelle Union Populaire Écologique et Sociale a présenté son projet de loi sur le Nouveau pacte vert en France.</p>
<p><strong>Le 29 juin, des député.es de par le monde seront rejoints par des représentants de la société civile qui ont mis le Nouveau pacte vert au cœur de leur agenda politique, pour célébrer, faire le point, et se demander : quelle est la suite pour le Nouveau pacte vert ?</strong></p>
<p>Rejoignez <strong>la député du Royaume-Uni Caroline Lucas, la député brésilienne Joenia Wapishana, le député canadien Peter Julian, Deirdre Shelley, directrice des campagnes du mouvement Sunrise, Farzana Faruk Jhumu de 350 Bangladesh et Fatima Ibrahim de Green New Deal Rising </strong>pour une conversation en direct animé par <strong>Asad Rehman, Directeur de War on Want </strong>pour célébrer l’avancement de notre mouvement international et pour explorer où les trois prochaines années pourraient nous emmener.</p>
<p>Nous attendons avec impatience de célébrer tout ce que nous avons fait, et tout ce qui est à venir !</p>

<p>Rejoignez-nous pour célébrer les 3 ans de législations de part le monde pour un Nouveau Pacte Vert !  Mercredi 29 juin, 9 h HNP / 12 h HNE&hellip;</p>

<!-- This site is optimized with the Yoast SEO plugin v27.4 - https://yoast.com/product/yoast-seo-wordpress/ -->
<title>Célébrer les 3 ans de législations de part le monde pour un Nouveau Pacte Vert !  | Elizabeth May</title>
<meta name="robots" content="index, follow, max-snippet:-1, max-image-preview:large, max-video-preview:-1" />
<link rel="canonical" href="https://elizabethmaymp.ca/fr/event/green-new-deal-three-years-on/" />
<meta property="og:locale" content="en_US" />
<meta property="og:type" content="article" />
<meta property="og:title" content="Célébrer les 3 ans de législations de part le monde pour un Nouveau Pacte Vert !  | Elizabeth May" />
<meta property="og:description" content="Rejoignez-nous pour célébrer les 3 ans de législations de part le monde pour un Nouveau Pacte Vert !  Mercredi 29 juin, 9 h HNP / 12 h HNE&hellip;" />
<meta property="og:url" content="https://elizabethmaymp.ca/fr/event/green-new-deal-three-years-on/" />
<meta property="og:site_name" content="Elizabeth May" />
<meta property="article:publisher" content="https://www.facebook.com/ElizabethMayMP" />
<meta property="og:image" content="https://elizabethmaymp.ca/wp-content/uploads/Green-new-deal.png" />
	<meta property="og:image:width" content="512" />
	<meta property="og:image:height" content="220" />
	<meta property="og:image:type" content="image/png" />
<meta name="twitter:card" content="summary_large_image" />
<meta name="twitter:site" content="@elizabethmay" />
<meta name="twitter:label1" content="Est. reading time" />
	<meta name="twitter:data1" content="3 minutes" />
<script type="application/ld+json" class="yoast-schema-graph">{"@context":"https:\/\/schema.org","@graph":[{"@type":"WebPage","@id":"https:\/\/elizabethmaymp.ca\/fr\/event\/green-new-deal-three-years-on\/","url":"https:\/\/elizabethmaymp.ca\/fr\/event\/green-new-deal-three-years-on\/","name":"Célébrer les 3 ans de législations de part le monde pour un Nouveau Pacte Vert !  | Elizabeth May","isPartOf":{"@id":"https:\/\/elizabethmaymp.ca\/fr\/#website"},"datePublished":"2022-06-24T14:53:09+00:00","breadcrumb":{"@id":"https:\/\/elizabethmaymp.ca\/fr\/event\/green-new-deal-three-years-on\/#breadcrumb"},"inLanguage":"en-US","potentialAction":[{"@type":"ReadAction","target":[["https:\/\/elizabethmaymp.ca\/fr\/event\/green-new-deal-three-years-on\/"]]}]},{"@type":"BreadcrumbList","@id":"https:\/\/elizabethmaymp.ca\/fr\/event\/green-new-deal-three-years-on\/#breadcrumb","itemListElement":[{"@type":"ListItem","position":1,"name":"Home","item":"https:\/\/elizabethmaymp.ca\/fr\/"},{"@type":"ListItem","position":2,"name":"Events","item":"https:\/\/elizabethmaymp.ca\/fr\/events\/"},{"@type":"ListItem","position":3,"name":"Green New Deal three years on!"}]},{"@type":"WebSite","@id":"https:\/\/elizabethmaymp.ca\/fr\/#website","url":"https:\/\/elizabethmaymp.ca\/fr\/","name":"Elizabeth May","description":"MP for Saanich and Gulf Islands","publisher":{"@id":"https:\/\/elizabethmaymp.ca\/fr\/#organization"},"potentialAction":[{"@type":"SearchAction","target":{"@type":"EntryPoint","urlTemplate":"https:\/\/elizabethmaymp.ca\/fr\/?s={search_term_string}"},"query-input":{"@type":"PropertyValueSpecification","valueRequired":true,"valueName":"search_term_string"}}],"inLanguage":"en-US"},{"@type":"Organization","@id":"https:\/\/elizabethmaymp.ca\/fr\/#organization","name":"Elizabeth May MP","url":"https:\/\/elizabethmaymp.ca\/fr\/","logo":{"@type":"ImageObject","inLanguage":"en-US","@id":"https:\/\/elizabethmaymp.ca\/fr\/#\/schema\/logo\/image\/","url":"https:\/\/elizabethmaymp.ca\/wp-content\/uploads\/elizabethmay-button.png","contentUrl":"https:\/\/elizabethmaymp.ca\/wp-content\/uploads\/elizabethmay-button.png","width":1501,"height":1501,"caption":"Elizabeth May MP"},"image":{"@id":"https:\/\/elizabethmaymp.ca\/fr\/#\/schema\/logo\/image\/"},"sameAs":["https:\/\/www.facebook.com\/ElizabethMayMP","https:\/\/x.com\/elizabethmay"]}]}</script>
<!-- / Yoast SEO plugin. -->

Célébrer les 3 ans de législations de part le monde pour un Nouveau Pacte Vert !  | Elizabeth May

Rejoignez-nous pour célébrer les 3 ans de législations de part le monde pour un Nouveau Pacte Vert !  Mercredi 29 juin, 9 h HNP / 12 h HNE&hellip;
